s 301649 composite?
False
Is 32105 a composite number?
True
Is 591673 prime?
True
Is 22433 composite?
False
Is 131863 prime?
False
Is 166942 a prime number?
False
Is 597 prime?
False
Is 66119 composite?
True
Is 6619 prime?
True
Is 28639 composite?
True
Is 1084861 a composite number?
True
Is 203617 a prime number?
True
Is 1119977 a prime number?
False
Is 4282799 a composite number?
False
Is 32491 composite?
False
Is 12389 composite?
True
Is 218227 prime?
True
Is 33447 a prime number?
False
Is 473 prime?
False
Is 143779 prime?
True
Is 67391 prime?
True
Is 235 composite?
True
Is 5818 a composite number?
True
Is 193983 prime?
False
Is 655 composite?
True
Is 1055 prime?
False
Is 246439 prime?
True
Is 182779 composite?
False
Is 342929 composite?
False
Is 19181 prime?
True
Is 1149403 composite?
False
Is 470903 a composite number?
False
Is 120559 prime?
False
Is 760607 a composite number?
False
Is 20059 a prime number?
False
Is 8623 composite?
False
Is 3647 prime?
False
Is 2813 prime?
False
Is 85009 a prime number?
True
Is 134 a composite number?
True
Is 4037 prime?
False
Is 251645 a composite number?
True
Is 5731 prime?
False
Is 24686 composite?
True
Is 8191 composite?
False
Is 2515 composite?
True
Is 145771 a prime number?
True
Is 114557 a composite number?
True
Is 728627 a composite number?
False
Is 33955 composite?
True
Is 88001 a prime number?
True
Is 339 composite?
True
Is 34451 composite?
True
Is 3595 composite?
True
Is 21269 composite?
False
Is 2909 a composite number?
False
Is 232961 a prime number?
True
Is 3174707 a prime number?
True
Is 32251 prime?
True
Is 343303 prime?
True
Is 134167 a prime number?
False
Is 182363 a composite number?
True
Is 26903 prime?
True
Is 12115 composite?
True
Is 873617 a prime number?
True
Is 26671 composite?
True
Is 31991 prime?
True
Is 682493 composite?
True
Is 22733 composite?
True
Is 2424113 a prime number?
True
Is 39749 composite?
False
Is 520679 a composite number?
False
Is 99551 composite?
False
Is 4201 prime?
True
Is 1205458 a prime number?
False
Is 3817 a composite number?
True
Is 52223 prime?
True
Is 393989 a composite number?
False
Is 26947 a composite number?
False
Is 1621 a prime number?
True
Is 209659 prime?
True
Is 685609 prime?
True
Is 68773 composite?
True
Is 159839 composite?
False
Is 869 composite?
True
Is 86131 composite?
False
Is 1894 prime?
False
Is 158141 prime?
True
Is 81254 composite?
True
Is 378633 a composite number?
True
Is 4153 a prime number?
True
Is 170801 a prime number?
True
Is 5131 a prime number?
False
Is 29849 prime?
False
Is 185741 prime?
False
Is 31055 prime?
False
Is 53783 composite?
False
Is 16759 a prime number?
True
Is 12323 prime?
True
Is 312799 a prime number?
True
Is 319097 a prime number?
True
Is 108929 a composite number?
False
Is 18187 a composite number?
True
Is 37127 prime?
False
Is 58219 a composite number?
True
Is 43819 a prime number?
False
Is 327347 a composite number?
False
Is 1962637 a composite number?
False
Is 321753 a composite number?
True
Is 186013 prime?
True
Is 1535 a composite number?
True
Is 12839 a composite number?
True
Is 74513 a prime number?
False
Is 3713 a prime number?
False
Is 73105 a prime number?
False
Is 137001 a composite number?
True
Is 6541 composite?
True
Is 252253 a composite number?
False
Is 706183 a prime number?
True
Is 1092629 prime?
True
Is 2935 a composite number?
True
Is 2569 a prime number?
False
Is 1317 prime?
False
Is 12346 a prime number?
False
Is 200879 a composite number?
True
Is 173851 a composite number?
False
Is 1246589 a composite number?
False
Is 13945 composite?
True
Is 1807807 composite?
False
Is 3781 a composite number?
True
Is 16769 prime?
False
Is 25511 composite?
True
Is 8543 a composite number?
False
Is 2579 prime?
True
Is 40231 composite?
False
Is 51733 composite?
True
Is 213851 prime?
False
Is 348643 a composite number?
False
Is 485517 composite?
True
Is 9505 composite?
True
Is 145253 prime?
True
Is 1329337 prime?
True
Is 41731 composite?
True
Is 1478 composite?
True
Is 5039 composite?
False
Is 7647 composite?
True
Is 5247065 a prime number?
False
Is 21089 a composite number?
False
Is 83705 prime?
False
Is 77189 prime?
False
Is 137477 a prime number?
True
Is 6449 prime?
True
Is 406267 a composite number?
False
Is 218249 prime?
True
Is 51334 composite?
True
Is 1961 prime?
False
Is 83203 prime?
True
Is 6418 a composite number?
True
Is 6113 a composite number?
False
Is 29947 a prime number?
True
Is 437 a prime number?
False
Is 767 composite?
True
Is 772421 prime?
False
Is 3385 a prime number?
False
Is 1812103 a prime number?
True
Is 11861 a composite number?
True
Is 50021 composite?
False
Is 307223 a composite number?
True
Is 65921 composite?
False
Is 141566 prime?
False
Is 6607 a prime number?
True
Is 17741 a composite number?
True
Is 18021 prime?
False
Is 211 composite?
False
Is 147073 a composite number?
False
Is 7901 a composite number?
False
Is 186551 a composite number?
False
Is 3007 a prime number?
False
Is 33107 a prime number?
True
Is 20729 prime?
False
Is 162957 composite?
True
Is 5363 composite?
True
Is 117617 prime?
True
Is 6371 composite?
True
Is 19661 a composite number?
False
Is 24733 composite?
False
Is 514403 prime?
False
Is 651779 a composite number?
True
Is 18671 composite?
False
Is 571147 prime?
True
Is 47129 prime?
True
Is 34667 a composite number?
False
Is 744233 a composite number?
True
Is 7393 a prime number?
True
Is 1027 a prime number?
False
Is 11707 a prime number?
False
Is 422339 a composite number?
False
Is 23719 prime?
True
Is 1179385 a composite number?
True
Is 164949 prime?
False
Is 17519 prime?
True
Is 7115 a prime number?
False
Is 9413 prime?
True
Is 138917 a composite number?
False
Is 82211 prime?
False
Is 42557 composite?
False
Is 10021 composite?
True
Is 2353343 a composite number?
False
Is 2436859 a prime number?
True
Is 30341 a prime number?
True
Is 15683 composite?
False
Is 71663 prime?
True
Is 69991 prime?
True
Is 153327 composite?
True
Is 68314 prime?
False
Is 377537 prime?
True
Is 3898 a composite number?
True
Is 817385 prime?
False
Is 2179 a prime number?
True
Is 53857 a prime number?
True
Is 8422 a prime number?
False
Is 1654787 a prime number?
True
Is 153863 composite?
True
Is 43427 prime?
True
Is 19841 composite?
False
Is 267299 a prime number?
True
Is 642269 a composite number?
True
Is 592157 composite?
False
Is 84691 a composite number?
False
Is 3961 prime?
False
Is 927709 a prime number?
True
Is 6613 a composite number?
True
Is 12883 a composite number?
True
Is 23417 a composite number?
False
Is 6757 a composite number?
True
Is 3821 composite?
False
Is 753 prime?
False
Is 427297 prime?
False
Is 4327 a prime number?
True
Is 250673 a prime number?
True
Is 253 prime?
False
Is 97213 prime?
True
Is 45529 a prime number?
False
Is 24865 composite?
True
Is 1243 a composite number?
True
Is 5269 composite?
True
Is 37691 a composite number?
False
Is 54221 prime?
False
Is 20477 a composite number?
False
Is 168551 a composite number?
True
Is 29647 prime?
False
Is 37117 composite?
False
Is 72593 prime?
False
Is 98061 composite?
True
Is 41299 a composite number?
False
Is 119027 a composite number?
False
Is 28213 prime?
False
Is 20563 a composite number?
False
Is 557153 a prime number?
True
Is 6559 composite?
True
Is 8499 composite?
True
Is 4853 a prime number?
False
Is 8023 composite?
True
Is 53999 composite?
True
Is 26167 a prime number?
False
Is 14779 a composite number?
False
Is 278029 a prime number?
True
Is 68243 composite?
True
Is 140473 composite?
False
Is 104537 a composite number?
False
Is 21727 a prime number?
True
Is 3295 prime?
False
Is 40543 a prime number?
True
Is 169171 prime?
False
Is 21899 a prime number?
False
Is 42131 prime?
True
Is 213833 prime?
True
Is 8809 composite?
True
Is 2025371 a composite number?
True
Is 66851 a composite number?
False
Is 5479 a prime number?
True
Is 19 prime?
True
Is 32127 a prime number?
False
Is 172177 composite?
True
Is 46279 prime?
True
Is 73213 a composite number?
True
Is 16733 prime?
False
Is 250403 a composite number?
False
Is 717683 composite?
False
Is 57751 composite?
False
Is 135559 a composite number?
False
Is 489529 a prime number?
True
Is 86522 composite?
True
Is 697259 composite?
False
Is 188983 composite?
False